 151 is divided by 41?
28
What is the remainder when 49 is divided by 34?
15
Calculate the remainder when 1547 is divided by 766.
15
Calculate the remainder when 922 is divided by 58.
52
Calculate the remainder when 110 is divided by 24.
14
Calculate the remainder when 290 is divided by 42.
38
Calculate the remainder when 977 is divided by 197.
189
Calculate the remainder when 138 is divided by 10.
8
Calculate the remainder when 261 is divided by 66.
63
Calculate the remainder when 38199 is divided by 10.
9
What is the remainder when 5423 is divided by 12?
11
What is the remainder when 390 is divided by 5?
0
Calculate the remainder when 37 is divided by 10.
7
What is the remainder when 3443 is divided by 7?
6
What is the remainder when 42 is divided by 11?
9
What is the remainder when 36 is divided by 14?
8
What is the remainder when 91 is divided by 30?
1
Calculate the remainder when 11759 is divided by 40.
39
What is the remainder when 1011 is divided by 127?
122
Calculate the remainder when 55 is divided by 6.
1
What is the remainder when 5089 is divided by 10?
9
Calculate the remainder when 195 is divided by 11.
8
Calculate the remainder when 52 is divided by 15.
7
Calculate the remainder when 207 is divided by 16.
15
What is the remainder when 249 is divided by 9?
6
What is the remainder when 1243 is divided by 166?
81
What is the remainder when 816 is divided by 408?
0
Calculate the remainder when 138 is divided by 7.
5
Calculate the remainder when 615 is divided by 7.
6
Calculate the remainder when 151 is divided by 78.
73
What is the remainder when 371 is divided by 122?
5
What is the remainder when 105 is divided by 6?
3
Calculate the remainder when 1032 is divided by 87.
75
What is the remainder when 989 is divided by 78?
53
Calculate the remainder when 21 is divided by 6.
3
Calculate the remainder when 292 is divided by 2.
0
What is the remainder when 1145 is divided by 4?
1
What is the remainder when 228 is divided by 23?
21
Calculate the remainder when 204 is divided by 56.
36
What is the remainder when 967 is divided by 12?
7
What is the remainder when 7796 is divided by 29?
24
What is the remainder when 2736 is divided by 131?
116
Calculate the remainder when 4038 is divided by 311.
306
What is the remainder when 634 is divided by 71?
66
What is the remainder when 890 is divided by 96?
26
What is the remainder when 233 is divided by 59?
56
What is the remainder when 132 is divided by 45?
42
What is the remainder when 226 is divided by 2?
0
Calculate the remainder when 6707 is divided by 21.
8
What is the remainder when 5397 is divided by 60?
57
What is the remainder when 110 is divided by 12?
2
What is the remainder when 2142 is divided by 16?
14
What is the remainder when 5217 is divided by 145?
142
Calculate the remainder when 58 is divided by 33.
25
Calculate the remainder when 3561 is divided by 27.
24
Calculate the remainder when 97 is divided by 25.
22
Calculate the remainder when 164 is divided by 105.
59
Calculate the remainder when 323 is divided by 54.
53
Calculate the remainder when 10208 is divided by 92.
88
What is the remainder when 18884 is divided by 11?
8
Calculate the remainder when 841 is divided by 588.
253
What is the remainder when 163 is divided by 46?
25
Calculate the remainder when 250 is divided by 37.
28
Calculate the remainder when 244 is divided by 52.
36
What is the remainder when 179 is divided by 61?
57
Calculate the remainder when 1108 is divided by 103.
78
What is the remainder when 190 is divided by 40?
30
Calculate the remainder when 83 is divided by 25.
8
What is the remainder when 641 is divided by 43?
39
What is the remainder when 225 is divided by 119?
106
Calculate the remainder when 832 is divided by 31.
26
Calculate the remainder when 5910 is divided by 59.
10
What is the remainder when 5726 is divided by 1431?
2
What is the remainder when 39 is divided by 26?
13
Calculate the remainder when 10733 is divided by 22.
19
Calculate the remainder when 309 is divided by 299.
10
What is the remainder when 11677 is divided by 40?
37
Calculate the remainder when 267 is divided by 15.
12
Calculate the remainder when 401 is divided by 67.
66
Calculate the remainder when 61 is divided by 29.
3
What is the remainder when 126 is divided by 32?
30
Calculate the remainder when 11742 is divided by 32.
30
Calculate the remainder when 1530 is divided by 41.
13
What is the remainder when 3204 is divided by 3203?
1
What is the remainder when 6171 is divided by 2056?
3
Calculate the remainder when 73 is divided by 39.
34
What is the remainder when 286 is divided by 48?
46
Calculate the remainder when 1512 is divided by 190.
182
Calculate the remainder when 109 is divided by 33.
10
Calculate the remainder when 4398 is divided by 110.
108
Calculate the remainder when 6 is divided by 4.
2
Calculate the remainder when 89 is divided by 31.
27
What is the remainder when 5187 is divided by 15?
12
What is the remainder when 147 is divided by 76?
71
What is the remainder when 10183 is divided by 105?
103
Calculate the remainder when 125 is divided by 13.
8
Calculate the remainder when 141 is divided by 33.
9
Calculate the remainder when 36 is divided by 8.
4
What is the remainder when 137 is divided by 13?
7
Calculate the remainder when 41 is divided by 5.
1
Calculate the remainder when 63 is divided by 13.
11
Calculate the remainder when 146 is divided by 16.
2
What is the remainder when 1168 is divided by 18?
16
Calculate the remainder when 1639 is divided by 406.
15
Calculate the remainder when 122 is divided by 102.
20
What is the remainder when 2386 is divided by 38?
30
What is the remainder when 219 is divided by 111?
108
Calculate the remainder when 212 is divided by 41.
7
What is the remainder when 140 is divided by 69?
2
What is the remainder when 12073 is divided by 35?
33
Calculate the remainder when 99 is divided by 47.
5
What is the remainder when 204 is divided by 16?
12
Calculate the remainder when 144 is divided by 16.
0
Calculate the remainder when 5033 is divided by 60.
53
Calculate the remainder when 770 is divided by 188.
18
What is the remainder when 373 is divided by 107?
52
What is the remainder when 203 is divided by 50?
3
Calculate the remainder when 3 is divided by 3.
0
Calculate the remainder when 161 is divided by 49.
14
Calculate the remainder when 419 is divided by 42.
41
Calculate the remainder when 545 is divided by 62.
49
What is the remainder when 185 is divided by 48?
41
Calculate the remainder when 756 is divided by 38.
34
What is the remainder when 101 is divided by 43?
15
Calculate the remainder when 39 is divided by 18.
3
Calculate the remainder when 116 is divided by 21.
11
Calculate the remainder when 171 is divided by 65.
41
Calculate the remainder when 1939 is divided by 54.
49
What is the remainder when 222 is divided by 100?
22
Calculate the remainder when 26 is divided by 14.
12
What is the remainder when 478 is divided by 96?
94
Calculate the remainder when 88 is divided by 49.
39
Calculate the remainder when 1937 is divided by 5.
2
Calculate the remainder when 1750 is divided by 437.
2
Calculate the remainder when 88 is divided by 33.
22
What is the remainder when 151 is divided by 31?
27
Calculate the remainder when 623 is divided by 191.
50
What is the remainder when 2011 is divided by 666?
13
Calculate the remainder when 26 is divided by 23.
3
Calculate the remainder when 74 is divided by 10.
4
What is the remainder when 3694 is divided by 14?
12
What is the remainder when 341 is divided by 112?
5
Calculate the remainder when 1596 is divided by 41.
38
Calculate the remainder when 26 is divided by 9.
8
Calculate the remainder when 262 is divided by 19.
15
Calculate the remainder when 106 is divided by 61.
45
What is the remainder when 998 is divided by 73?
49
What is the remainder when 129 is divided by 26?
25
Calculate the remainder when 764 is divided by 77.
71
What is the remainder when 182 is divided by 49?
35
Calculate the remainder when 4412 is divided by 138.
134
What is the remainder when 300 is divided by 51?
45
Calculate the remainder when 281 is divided by 26.
21
Calculate the remainder when 4519 is divided by 11.
9
Calculate the remainder when 1401 is